(8). What is the greatest common factor of d and a?
10
Suppose -3*h + 0*h + c - 3 = 0, -7 = 2*h + c. Let a = h + 4. Let j(g) = 2*g**2 + 2*g - 2. Let r be j(a). Calculate the greatest common divisor of r and 5.
5
Let q(g) = g**3 - 30*g**2 + 31*g + 2. Let n be q(29). Calculate the greatest common factor of 105 and n.
15
Suppose m = -5*o + 182, 23*m - 8 = 19*m. Calculate the highest common divisor of 234 and o.
18
Let h(r) be the first derivative of 1/3*r**3 + 4*r + 5 + 2*r**2. Let d be h(-6). What is the greatest common divisor of 24 and d?
8
Suppose 0 = 361*b - 365*b + 3344. Calculate the greatest common factor of 44 and b.
44
Let k = -5 + 10. Suppose k*b + 34 = 134. Suppose -b = -2*l + 10. Calculate the highest common divisor of l and 10.
5
Let q = -494 - -942. Calculate the highest common factor of 42 and q.
14
Let p(c) = -474*c + 410. Let f be p(-8). What is the highest common factor of f and 22?
22
Let n be ((-1)/(5/(-18)))/(15/(-50)). Let m(j) = j**3 + 11*j**2 - 15*j - 21. Let c be m(n). Calculate the greatest common factor of 135 and c.
15
Let a(p) = -83*p**3 - p - 2. Let d be a(-1). What is the highest common factor of 2 and d?
2
Let f be ((-18)/(-7))/((-2)/(-28)). Let d = -8 + 281. Suppose 2*b - 3*n = 156, -d = -4*b + 3*n + 27. Calculate the greatest common factor of b and f.
36
Suppose 29*h = 43*h - 672. What is the greatest common factor of h and 156?
12
Let l be 16/(-2) + 97 + 1. Calculate the greatest common divisor of l and 306.
18
Let k be 1 + (-4 - -3) + 11. Calculate the greatest common divisor of k and 572.
11
Let d(m) = 35*m**2 + 56*m + 69. Let o be d(9). What is the greatest common divisor of o and 48?
48
Let k = 393 - 298. What is the greatest common factor of 5 and k?
5
Let w be (-4 - (-220)/70)*112/(-6). What is the highest common divisor of 8 and w?
8
Suppose 4*q = 5 + 7. Suppose -1 = -w - 2*f, 2*w - q*f - 34 = -4. Suppose w = 2*o - 9. What is the greatest common factor of 3 and o?
3
Let x(f) = f - 1. Let y(v) = v - 10. Let q(p) = -24*x(p) + 3*y(p). Let g be q(-2). What is the greatest common divisor of g and 12?
12
Suppose -92 = -4*h - 2*a, 6*a = -4*h + 2*a + 84. Calculate the highest common divisor of h and 100.
25
Let z(l) = -l**3 + 2*l**2 + 8*l + 5. Let g be z(4). Suppose -g*q + q = -36. Let o = 16 + -10. What is the highest common divisor of o and q?
3
Let b be 3*37/9 - (-3)/(-9). What is the greatest common factor of 15 and b?
3
Suppose 1026 = 6*o + 270. What is the highest common divisor of 24 and o?
6
Let f(p) = -p**3 + 17*p**2 - 2*p + 42. Let i be f(17). Let d = -4 - -7. Suppose -4*v = -0 + 12, -w - d*v = -23. What is the highest common divisor of i and w?
8
Let a = -11 + 13. Suppose d - a*d = -20. Calculate the highest common divisor of d and 4.
4
Suppose 4*c + 20 + 92 = 0. Let k = 8 - c. Let g = k - -34. Calculate the greatest common factor of 28 and g.
14
Suppose 182 = 6*a - 5*a. Suppose 0 = -v + 2, 2*g - a = -2*g - v. Calculate the greatest common divisor of 5 and g.
5
Let y = 344 + -168. Calculate the greatest common factor of 22 and y.
22
Let y = 26 - 19. Suppose -2*i + y = 3. Suppose d = g + 94, d = -i*d - g + 290. What is the highest common divisor of d and 12?
12
Suppose -4*g - 8 = 0, 5*g + 387 = 5*o - 1463. What is the highest common divisor of 16 and o?
16
Suppose -i = -4*u - 42, 95 = 4*i - 2*u - 101. Let y = i + -34. Calculate the highest common factor of y and 80.
16
Let u(q) = 9*q**2 - q + 1. Let f be u(1). Suppose -f - 46 = -m. Calculate the highest common factor of 11 and m.
11
Let t = 160 - 16. What is the highest common factor of 18 and t?
18
Suppose y = -10*y + 330. What is the greatest common factor of y and 210?
30
Let c(s) = -123*s - 2. Let j be 2*2 - (-7 - -12). Let p be c(j). What is the greatest common factor of 11 and p?
11
Suppose 5*w + 2*b - 453 = 0, -3*b + 305 = 5*w - 152. Calculate the highest common factor of 801 and w.
89
Suppose -2*f + 3*f + 1 = 0. Let o = -3 - f. Let u be o/8 + 26/8. Calculate the highest common factor of 3 and u.
3
Let s(l) = l**3 - 5*l**2 - 4*l - 10. Suppose -3*c - 2*c + 100 = 0. Suppose -4*o + 8 + c = 0. Let m be s(o). What is the greatest common divisor of 20 and m?
20
Suppose 2*u = r - 18, r - 6*u = -3*u + 22. Let y = 558 + -478. What is the greatest common divisor of y and r?
10
Suppose -a = 3*z - 5*a - 1, 0 = 2*a - 4. Suppose 2*s + 2 = z*s. What is the highest common factor of s and 22?
2
Let h be 4*((-130)/40 + 7). What is the greatest common divisor of 57 and h?
3
Suppose 5*h = 5*m, 0*h = 3*m + 5*h. Suppose -3*p + 9 + m = -2*x, 2*x - 6 = 0. What is the greatest common factor of 35 and p?
5
Let n = 6 + 1. Let l(a) be the second derivative of 3*a**3/2 + 10*a. Let w be l(n). What is the highest common divisor of w and 9?
9
Suppose 2*a + 3*a - 2*c = 48, -3*c = 3*a - 12. Let f = 21 - a. Suppose -6*r + 47 = -31. Calculate the greatest common divisor of f and r.
13
Suppose 3*d - 840 = -9*d. Suppose -d = -6*l + 4*l. What is the highest common divisor of l and 5?
5
Let y(c) = 5*c - 6. Let i be y(3). Let q be i/(4/(-18 + 2)). Let l = q + 57. Calculate the greatest common divisor of 105 and l.
21
Let u = 153 - 138. Suppose 14*x - u*x + 88 = 0. Calculate the greatest common divisor of 8 and x.
8
Suppose -136 = 3*z - 1819. What is the highest common factor of z and 51?
51
Suppose 6*v = 80 - 8. Suppose -279 = -8*t + 393. What is the highest common factor of t and v?
12
Let v(o) = o**2 + 4*o - 1. Let c be (10/(-3) + 3)*-9. Let s be v(c). Calculate the greatest common factor of s and 50.
10
Let h be ((-65)/10)/((-2)/24). Suppose -2*g + u = -3, 2*g = -3*u + 2*u + 9. Suppose -2*y = -g*y + 26. What is the highest common factor of y and h?
26
Let a(k) = 2*k**2 + 13*k + 2. Let s be a(-6). Let z be s + 0 - 1/1. Let x = 23 - z. What is the greatest common factor of 168 and x?
28
Suppose -7*b = -6*b. Suppose -4*r + 8*r - 8 = b. Let w be (r + (-34)/8)*-12. What is the greatest common factor of w and 9?
9
Let n be (-152)/26 - 2/13. Let z = n + 8. Suppose z*x + 2 = -q, 0*q - 1 = 2*q + 3*x. Calculate the greatest common divisor of 1 and q.
1
Let o(k) = k**2 - 6*k - 7. Let x be o(7). Suppose 2*q + 2*q - 984 = x. Let u be q/9 + (-8)/(-12). What is the highest common factor of u and 112?
28
Let q be (-86)/301 + ((-116)/(-14) - 1). What is the highest common factor of q and 133?
7
Let l = 132 - 66. Let d = -2313 + 2478. Calculate the greatest common factor of d and l.
33
Let h be 437/(-46)*(-4)/19. Calculate the highest common divisor of h and 25.
1
Let j be 10 - (-212)/(-21) - (-632)/21. Calculate the highest common factor of 145 and j.
5
Let h = -7 - -51. Suppose -8*r = -h - 108. Suppose -3*z - 365 = -4*w - 8*z, 3*z - 181 = -2*w. What is the greatest common divisor of w and r?
19
Suppose -6 = -5*j - 3*n + 5, n + 2 = 4*j. Let v(y) = j + 5*y + 2*y + 0*y - 4*y. Let q be v(2). Calculate the greatest common factor of q and 1.
1
Suppose 0 = -u - 2*u + 5*w - 9, 2*u - 3*w + 5 = 0. Let y be 16*u/24*21. Suppose 104 = 2*t + y. Calculate the highest common factor of t and 418.
38
Let h(w) = -w**3 + 9*w**2 + 9*w + 19. Let m be h(10). Suppose 247 = m*d - 113. Calculate the greatest common factor of 60 and d.
20
Let n = 69 - 44. Suppose 4*r = n + 15. What is the highest common divisor of 70 and r?
10
Let m = 162 + -137. Calculate the greatest common factor of 25 and m.
25
Let a(q) = 11*q + 11. Let y be a(3). What is the greatest common divisor of y and 52?
4
Let b(o) = -o**3 + 25*o**2 - 26*o + 138. Let q be b(24). What is the greatest common factor of 1170 and q?
90
Let f = 299 - 295. Calculate the greatest common factor of f and 8.
4
Let c = -1767 - -1799. Calculate the highest common factor of c and 36.
4
Let l(j) = 3*j**2 - 2*j. Let n(f) = f**2 - 8*f - 6. Let x be n(9). Let d be l(x). Calculate the greatest common divisor of d and 231.
21
Let t = 6 - 1. Suppose 0 = -3*m - f + 104, 69 = -43*m + 45*m + f. What is the highest common divisor of m and t?
5
Let j = -42 - -45. Let o(u) = 3*u**2 - 2*u - 2. Let f be o(-2). Suppose j*n = n + f. What is the greatest common factor of n and 63?
7
Suppose 500 = -a + 6*a. Suppose -i - 4*i = -a. Suppose 0 = 3*k + 2*k - j - 25, 4*k - 6 = -2*j. What is the highest common factor of k and i?
4
Suppose -12*a + 5*y = -7*a - 25, -5*a = 3*y - 9. Suppose -a*d + 198